Convert 10 (base 3) to base 7.
3
What is -121 (base 4) in base 16?
-19
Convert -69 (base 14) to base 4.
-1131
b (base 12) to base 15
b
What is -22 (base 9) in base 7?
-26
What is 10 (base 2) in base 15?
2
What is 2 (base 12) in base 14?
2
-171 (base 8) to base 15
-81
What is -18 (base 9) in base 7?
-23
What is 101111100 (base 2) in base 7?
1052
Convert 2 (base 12) to base 5.
2
-7 (base 8) to base 16
-7
What is -14 (base 9) in base 15?
-d
What is 7 (base 12) in base 14?
7
What is e7 (base 16) in base 5?
1411
What is -5 (base 13) in base 5?
-10
c (base 14) to base 12
10
Convert 0 (base 13) to base 14.
0
103 (base 7) to base 9
57
Convert 555 (base 7) to base 15.
140
What is -1 (base 2) in base 7?
-1
What is 3 (base 7) in base 3?
10
What is 0 (base 7) in base 2?
0
Convert 2 (base 3) to base 10.
2
Convert 2 (base 3) to base 4.
2
What is c (base 14) in base 7?
15
Convert -1120 (base 3) to base 13.
-33
What is 65 (base 14) in base 2?
1011001
What is -133 (base 7) in base 13?
-58
-3 (base 9) to base 14
-3
Convert 0 (base 16) to base 3.
0
2 (base 6) to base 11
2
Convert 10213 (base 4) to base 12.
207
What is 4 (base 8) in base 12?
4
Convert -64 (base 7) to base 12.
-3a
Convert 35 (base 13) to base 5.
134
Convert 15 (base 6) to base 13.
b
Convert 5 (base 16) to base 8.
5
-4 (base 8) to base 14
-4
441 (base 6) to base 16
a9
120 (base 4) to base 15
19
What is 20 (base 7) in base 8?
16
What is -3 (base 9) in base 15?
-3
Convert -3 (base 15) to base 2.
-11
Convert 12 (base 14) to base 2.
10000
-3 (base 14) to base 9
-3
Convert 2 (base 16) to base 4.
2
Convert 15 (base 11) to base 7.
22
What is 9 (base 15) in base 9?
10
Convert 151 (base 6) to base 11.
61
What is 26 (base 14) in base 3?
1021
Convert 10 (base 10) to base 16.
a
Convert -5 (base 10) to base 4.
-11
Convert 1 (base 16) to base 6.
1
Convert 0 (base 13) to base 3.
0
Convert -111 (base 6) to base 9.
-47
122 (base 4) to base 14
1c
What is -2 (base 15) in base 13?
-2
What is 41 (base 10) in base 14?
2d
-7 (base 8) to base 14
-7
-11 (base 3) to base 4
-10
36 (base 10) to base 3
1100
What is 14d (base 14) in base 5?
2030
Convert 27 (base 8) to base 13.
1a
What is 110 (base 6) in base 3?
1120
Convert -55 (base 11) to base 9.
-66
What is f8 (base 16) in base 9?
305
Convert 13 (base 14) to base 2.
10001
Convert 65 (base 16) to base 2.
1100101
Convert -233 (base 4) to base 3.
-1202
-a (base 14) to base 2
-1010
Convert -b6 (base 15) to base 7.
-333
What is -1121 (base 5) in base 15?
-ab
What is -aa (base 11) in base 7?
-231
What is -32 (base 7) in base 14?
-19
What is 30 (base 5) in base 8?
17
Convert 10011 (base 2) to base 3.
201
11 (base 4) to base 11
5
What is d (base 15) in base 5?
23
12 (base 6) to base 8
10
What is -2311 (base 4) in base 10?
-181
What is 37 (base 14) in base 11?
45
What is d (base 15) in base 8?
15
What is -4 (base 13) in base 6?
-4
Convert -6 (base 8) to base 6.
-10
Convert 7 (base 16) to base 3.
21
-4 (base 10) to base 2
-100
Convert -27 (base 15) to base 10.
-37
What is 192 (base 15) in base 2?
101101010
What is 3 (base 14) in base 16?
3
Convert 17 (base 12) to base 16.
13
-3d (base 14) to base 2
-110111
Convert -66 (base 8) to base 6.
-130
What is 327 (base 8) in base 3?
21222
What is 62 (base 7) in base 8?
54
Convert -2 (base 4) to base 8.
-2
What is -10 (base 15) in base 6?
-23
Convert -122 (base 3) to base 14.
-13
Convert 96 (base 13) to base 10.
123
What is -74 (base 11) in base 8?
-121
1110 (base 2) to base 12
12
91 (base 10) to base 15
61
What is -1101 (base 2) in base 13?
-10
Convert -1002 (base 3) to base 16.
-1d
What is 130 (base 5) in base 12?
34
What is -46 (base 10) in base 7?
-64
23 (base 7) to base 8
21
Convert -38 (base 10) to base 16.
-26
2f (base 16) to base 12
3b
Convert 8 (base 10) to base 11.
8
Convert -c (base 15) to base 10.
-12
What is 1000 (base 4) in base 8?
100
Convert 217 (base 9) to base 4.
2302
What is -1 (base 9) in base 2?
-1
What is 0 (base 9) in base 7?
0
8 (base 14) to base 6
12
Convert b0 (base 13) to base 5.
1033
-9 (base 13) to base 3
-100
What is -4 (base 10) in base 4?
-10
What is 1110 (base 2) in base 9?
15
Convert 110 (base 2) to base 13.
6
108 (base 10) to base 13
84
What is -100 (base 2) in base 12?
-4
-129 (base 14) to base 16
-e9
Convert 7 (base 16) to base 4.
13
What is -22 (base 3) in base 12?
-8
-31 (base 13) to base 11
-37
1022 (base 3) to base 13
29
Convert -9 (base 10) to base 4.
-21
Convert 11022 (base 3) to base 15.
7b
Convert 42 (base 5) to base 8.
26
What is 262 (base 9) in base 7?
431
Convert 10 (base 11) to base 3.
102
0 (base 13) to base 3
0
-62 (base 16) to base 2
-1100010
What is -31 (base 11) in base 3?
-1021
What is -26 (base 9) in base 13?
-1b
Convert 4 (base 7) to base 12.
4
-1 (base 12) to base 8
-1
11 (base 3) to base 2
100
What is -10 (base 14) in base 7?
-20
What is -21 (base 6) in base 13?
-10
23 (base 9) to base 10
21
What is 1 (base 5) in base 12?
1
What is -5 (base 16) in base 2?
-101
What is 20212 (base 3) in base 9?
225
What is -17 (base 12) in base 8?
-23
1 (base 5) to base 9
1
-af (base 16) to base 13
-106
Convert -1 (base 7) to base 5.
-1
What is -1 (base 10) in base 11?
-1
79 (base 11) to base 9
105
What is 2 (base 9) in base 12?
2
What is -5 (base 16) in base 3?
-12
Convert 13 (base 5) to base 6.
12
Convert 14 (base 9) to base 16.
d
What is -9c (base 14) in base 11?
-116
What is -19 (base 14) in base 2?
-10111
What is -4 (base 7) in base 16?
-4
What is 353 (base 7) in base 6?
505
What is -12 (base 15) in base 5?
-32
Convert a9 (base 11) to base 14.
87
Convert 21011 (base 3) to base 6.
521
What is 1 (base 6) in base 3?
1
-11 (base 14) to base 7
-21
4 (base 14) to base 8
4
101 (base 4) to base 13
14
Convert 3 (base 8) to base 3.
10
Convert 202 (base 4) to base 12.
2a
What is 7 (base 14) in base 3?
21
Convert 1 (base 10) to base 16.
1
Convert -8 (base 15) to base 6.
-12
What is 11 (base 2) in base 9?
3
10 (base 7) to base 8
7
What is -4 (base 6) in base 10?
-4
What is -16 (base 13) in base 15?
-14
Convert -2c (base 14) to base 2.
-101000
What is -12 (base 4) in base 15?
-6
What is 0 (base 11) in base 9?
0
Convert 1 (base 13) to base 16.
1
Convert 1000 (base 2) to base 12.
8
What is 101 (base 3) in base 15?
a
Convert -1000 (base 2) to base 10.
-8
-16 (base 10) to base 8
-20
Convert 30 (base 6) to base 11.
17
-126 (base 11) to base 13
-b6
What is -c2 (base 14) in base 15?
-b5
What is -4 (base 5) in base 2?
-100
Convert 12 (base 4) to base 5.
11
Convert 42 (base 15) to base 12.
52
Convert -2 (base 8) to base 14.
-2
Convert -311 (base 8) to base 5.
-1301
0 (base 13) to base 6
0
Convert 1 (base 13) to base 3.
1
Convert 216 (base 9) to base 8.
261
105 (base 14) to base 6
533
What is 12 (base 4) in base 10?
6
What is 124 (base 5) in base 3?
1110
What is -21 (base 5) in base 7?
-14
Convert -44 (base 12) to base 3.
-1221
2 (base 3) to base 12
2
-11 (base 2) to base 5
-3
222 (base 4) to base 5
132
Convert -61 (base 8) to base 15.
-34
What is -20 (base 12) in base 10?
-24
Convert -a0 (base 11) to base 13.
-86
Convert -10 (base 14) to base 16.
-e
-1 (base 12) to base 10
-1
1 (base 2) to base 9
1
Convert 19 (base 10) to base 4.
103
What is 4 (base 13) in base 10?
4
Convert 11 (base 15) to base 10.
16
Convert 11 (base 4) to base 12.
5
Convert 1 (base 2) to base 6.
1
Convert c2 (base 14) to base 5.
1140
What is -9 (base 12) in base 8?
-11
Convert -35 (base 7) to base 11.
-24
What is -3 (base 5) in base 11?
-3
What is 10000100 (base 2) in base 5?
1012
10 (base 3) to base 12
3
111 (base 2) to base 4
13
-10 (base 3) to base 5
-3
Convert -22 (base 10) to base 4.
-112
66 (base 13) to base 14
60
2 (base 10) to base 5
2
3 (base 15) to base 12
3
112 (base 16) to base 8
422
Convert -21 (base 15) to base 11.
-29
-10 (base 14) to base 5
-24
Convert 0 (base 7) to base 9.
0
What is 64 (base 13) in base 7?
145
-a (base 16) to base 8
-12
What is -81 (base 13) in base 4?
-1221
What is 7 (base 15) in base 6?
11
Convert -211 (base 4) to base 6.
-101
Convert 50 (base 8) to base 16.
28
Convert 11 (base 4) to base 2.
101
What is -c9 (base 15) in base 8?
-275
24 (base 14) to base 10
32
Convert 9 (base 13) to base 12.
9
-200 (base 3) to base 6
-30
Convert -2 (base 3) to base 16.
-2
Convert 531 (base 6) to base 3.
21101
Convert 2 (base 12) 